ime factors of 4 + -7 + i + 4?
2, 3
Let c be 5/(-3) - (-261415)/33. Suppose -d + 5*d = -c. List the prime factors of d/(-26) + 6/(-39).
2, 19
Let s(c) = c**2 - 9*c - 10. Let u be s(10). Suppose u = -f + 44 - 0. List the prime factors of f.
2, 11
Suppose j - g = -32, -2*j - 96 = j + g. Let n = j - -72. List the prime factors of n.
2, 5
Let g = -36 + 84. Let x(q) = 2*q**2 - 7*q. Let h be x(6). List the prime factors of (g/h)/(6/195).
2, 13
Let q(h) = 59*h + 192. List the prime factors of q(2).
2, 5, 31
Let d(l) = 2*l**2 + 50*l + 38. Let z be d(-24). List the prime factors of (3/(-9))/(z/540).
2, 3
Let s(g) = -29*g - 7. Suppose v = t + 4, 3*v - v + 8 = -2*t. What are the prime factors of s(t)?
109
Let w = -516 + 1173. List the prime factors of w.
3, 73
Let h be 60 - 15/(-20)*-4. Suppose -3*k + 29 + 7 = 3*x, -4*k - x = -h. List the prime factors of k.
3, 5
Let y(q) be the second derivative of -q**4/12 + 5*q**3/6 + 2*q. Let z be y(4). Let r = 35 - z. What are the prime factors of r?
31
Let x(r) = -5*r**3 + 2*r**2 - 2*r + 13. Let o(s) = -4*s**3 + 2*s**2 - s + 13. Let t(w) = 4*o(w) - 3*x(w). What are the prime factors of t(0)?
13
Suppose 20*g - 82 = 38. List the prime factors of (246 - -15) + (g - 2) + -2.
263
Let s be -3*(-7)/(7/1310). Let b be s/35 - 2/7. Suppose 4*y + 88 = 5*i - b, -3*i + 3*y + 120 = 0. List the prime factors of i.
2, 5
Let l(r) = r**2 + 8*r + 5. Suppose 8*g - 45 = 13*g. What are the prime factors of l(g)?
2, 7
Let r(z) = 2*z**2 - 3*z + 2. Let y(l) = -l**2 + 6*l - 6. Let t be y(4). Let c be r(t). Let k = -1 + c. What are the prime factors of k?
3
Let j be 36/10*100/8. What are the prime factors of (-42)/21 + j + 1?
2, 11
Suppose 310 - 835 = -y. Suppose -y = -6*r - r. List the prime factors of r.
3, 5
Let c(y) = 209*y**2 - 165*y - 2. What are the prime factors of c(4)?
2, 3, 149
Let v be 0/2 + -5*30/(-25). Let o(u) = u**3 - 7*u**2 + 9*u - 1. Let a be o(6). Let g = a + v. List the prime factors of g.
23
What are the prime factors of (-2386)/(-8) - 20/16?
3, 11
What are the prime factors of (-1530)/(-7) - (-13)/(728/24)?
3, 73
Suppose 2*k - 8024 = l, -k + 188 + 3833 = 4*l. What are the prime factors of k?
4013
Suppose -3*n = -33 + 3. Suppose -n = -3*q + 11. Suppose -138 = 4*f - q*f. What are the prime factors of f?
2, 23
Let f = 13 + -11. Suppose -3*g + f = -4. Suppose -3*h - 3*r + 36 = -7*r, -3*h + 36 = -g*r. What are the prime factors of h?
2, 3
Let m(j) = -54*j**3 - 15*j**2 - 67*j + 5. What are the prime factors of m(-4)?
3, 1163
Suppose 5*g = y + 22, 3*g - 10 = -2*y + y. Let m(i) = -i**3 - 5*i**2 + 5*i - 8. Let r be m(-6). What are the prime factors of 1/(r*g/(-144))?
2, 3
Let m be 464/6 - (-4)/6. Suppose 5*q + m = 448. Suppose -5*j - 15 = 0, 2*z - 4 = 2*j + q. What are the prime factors of z?
2, 3
Suppose -3*j - 13 = -d + 5, 5*d - 25 = 2*j. Let h = -164 + 164. Suppose -7*s + d*s = 3*l - 36, 3*s = h. What are the prime factors of l?
2, 3
Suppose 3*a - 16 = -a. Suppose 3*u + 205 = 2*k, -2*k + 223 = -u + a*u. What are the prime factors of k?
107
Let q(v) = -v - 4. Let b be q(-8). Suppose b = 3*g - 5. Suppose 60 = u + g*u. What are the prime factors of u?
3, 5
Let m = 1380 - 853. Suppose -a = 2*b - m, 12*a = 3*b + 13*a - 792. What are the prime factors of b?
5, 53
What are the prime factors of 1/7 - (-1544100)/700?
2, 1103
Let s(a) = 55 + a**2 - 145 - 2*a + 58 + 45. List the prime factors of s(4).
3, 7
Suppose 5*x = -r + 22, -2*r - 34 = -4*r - 5*x. Suppose r = -3*g, -2*g - 38 = -k + 19. List the prime factors of k.
7
Suppose y - 143 = -4*j - 4*y, 5*y = -j + 17. Suppose 4*t + 2*p - j = 0, t - 2*p - 33 = 2*p. List the prime factors of t.
13
Suppose 3*m - 7 = -1. Suppose 4*u - 77 = -0*u - c, 0 = 4*u - c - 67. Suppose -m*f + u = -64. List the prime factors of f.
41
Let w = 2 + 5. Suppose 31 = 4*h - 5*r, 0 = -0*h + 2*h + 5*r + w. What are the prime factors of (h/10)/((-9)/(-360))?
2
Let k(h) = 2*h**2 - 7*h - 12. Let i be k(5). Let s = 9 - 3. Suppose -s*c + 36 = -i*c. List the prime factors of c.
2, 3
Let b(h) = h**3 + 10*h**2 + 8*h - 5. Let j be b(-9). Suppose -65 = -j*x + 123. What are the prime factors of x?
47
Suppose 0 = -4*w + z + 6193, -3*z - 15 = -12. List the prime factors of w.
2, 3, 43
Suppose -2*g = -2*u + 14, 21 + 11 = 4*u - 5*g. Let c(n) = n**3 - n**2 - 3*n - 1. List the prime factors of c(u).
2
Let l = -12 + 12. Suppose 4*d = -5*m + 2 + 163, l = d. What are the prime factors of m?
3, 11
Let x(g) = g**3 - 10*g**2 - 26*g - 44. List the prime factors of x(13).
5
Let r(o) = 44*o**2 - 9*o + 15. What are the prime factors of r(5)?
2, 5, 107
Let z = -392 - -698. List the prime factors of z.
2, 3, 17
Suppose 0 = 36*t - 75333 + 15393. What are the prime factors of t?
3, 5, 37
Let v(h) = -15*h**2 + 9*h - 12. Suppose -3*o = -4*o + 11. Let p(d) = -5*d**2 + 3*d - 4. Let k(f) = o*p(f) - 4*v(f). What are the prime factors of k(2)?
2, 3
Suppose -4*h = -i - 1610, 5*i - 1598 = -h - 3*h. Suppose 3*n - h = -5*w, -5*n + 254 = -2*w + 5*w. What are the prime factors of w?
2, 3, 13
List the prime factors of -93*((-14)/10)/((-24)/(-40)).
7, 31
Suppose 0*x - 56 = -5*x + u, -x - 2*u + 20 = 0. Let d be 0 - (-4)/x*-3. Let c(w) = -21*w - 2. List the prime factors of c(d).
19
Let v(k) = 5*k**2 + 9*k - 17. Let d be v(5). Suppose -d - 272 = -5*w. List the prime factors of w.
5, 17
List the prime factors of (-4)/5*(39 + -969).
2, 3, 31
Suppose 4*k - 3*n = 6693, 7*k - 9*k + 4*n + 3344 = 0. List the prime factors of k.
2, 3, 31
Suppose -37*o = -38*o + 5*j + 1637, 0 = -5*o + 5*j + 8245. List the prime factors of o.
2, 7, 59
Let u(i) = -i**3 + 12*i**2 - 10*i - 11. Let b be u(11). Suppose b = 2*x + 6, 2*z - 6 = -z - x. Let m = z - -34. List the prime factors of m.
37
Suppose -6*o + 5 = -5*o. Suppose -4*l - o*j - 97 = -8*l, -3*l + 3*j + 72 = 0. List the prime factors of l.
23
List the prime factors of 1 + 1906 + -30 + 40.
3, 71
Let n = 24 + 1. Suppose 5*t - 5*z = 75 - 30, -5*t - 5*z = -n. Suppose -t*y = -4*y - 87. What are the prime factors of y?
29
Suppose 4*p - 33 = 735. List the prime factors of p.
2, 3
Let q = -87 - -111. Suppose -2*h = 4*i + 16, 3*i - 4 = -19. Suppose h*v - 10 - q = 0. What are the prime factors of v?
17
Suppose 0 = 33*v - 21092 - 100150. What are the prime factors of v?
2, 11, 167
Let z(g) be the third derivative of g**6/120 - g**5/120 - g**4/12 - g**3/3 - 5*g**2. Let n(t) be the first derivative of z(t). List the prime factors of n(-3).
2, 7
Let g(t) = 9*t**2 + t - 38. List the prime factors of g(-16).
2, 3, 5
Let y(q) = -6*q + 76. Let u be y(11). Let a = 4 + 26. Let v = a - u. List the prime factors of v.
2, 5
Suppose -409 = -2*j - 4*a + 861, 0 = -4*j - 4*a + 2528. What are the prime factors of j?
17, 37
Suppose 628 = -2*a + o + 2535, 5*o + 1927 = 2*a. Suppose -5*y + a = -319. List the prime factors of y.
2, 127
Suppose 3*h - 40 = 2*h - 5*j, -5*h - 4*j = -200. Suppose -5*x = -6 - 4. Let g = x + h. What are the prime factors of g?
2, 3, 7
Let l(f) = f**3 + f**2 + 2. Let y be l(4). Let c = y + -36. Suppose h + 4*b + 26 = 3*h, -3*h - b = -c. What are the prime factors of h?
3, 5
Let k(h) = 4*h**2 - 4*h. Let b be k(6). Suppose -3*o + o - b = -3*c, 6 = 2*o. List the prime factors of c.
2, 3, 7
Let a(x) = x**3 - 5*x**2 + x - 1. Let r(g) = -g**3 + 9*g**2 - 6*g - 11. Let p be r(8). Let t be a(p). Suppose -22 = -t*m + 30. List the prime factors of m.
13
Let c(v) = -v + 1. Let y = 9 + -22. Let s = y + 10. List the prime factors of c(s).
2
Suppose -2*d = d - 3. Let g(u) = u**2 - 7*u**3 - 12*u**3 + 1 + 22*u**3 - 16*u + 29*u**3 + 15*u. List the prime factors of g(d).
3, 11
Let q(s) = -2*s - 18. Let c be q(-12). Let l(d) = d**2 - d - 1. Let m be l(-1). What are the prime factors of (-2)/(c/(-21)) + m?
2
Let i(g) = 12*g**3 - 2*g**2 - 2*g. Let h be i(2). Suppose -x + h = x. Let z = x + -8. What are the prime factors of z?
2, 17
What are the prime factors of (98437248/405)/52 + 2/(-15)?
2, 3, 19, 41
Let i be 0*2*1/4. Suppose -g = -2 - 0. What are the prime factors of 26/4*(i + g)?
13
Suppose 0 = 4*k - 0 + 12. Let a = k + 6. Suppose 4*x - 12 = -2*f + f, a*x - f - 2 = 0. What are the prime factors of x?
2
Suppose 1518 = 8*y - 378. List the prime factors of y.
3, 79
Let u(l) = -2*l + 126. List the prime factors of u(-24).
2, 3, 29
List the prime factors